{"id":113,"date":"2020-02-04T11:37:44","date_gmt":"2020-02-04T11:37:44","guid":{"rendered":"http:\/\/leseguerilla.de\/?page_id=113"},"modified":"2020-02-04T11:37:44","modified_gmt":"2020-02-04T11:37:44","slug":"projekte","status":"publish","type":"page","link":"https:\/\/leseguerilla.de\/?page_id=113","title":{"rendered":"Projekte"},"content":{"rendered":"\n<p><strong>Abende der LeseGuerilla seit der Gr\u00fcndung 2006: <\/strong><\/p>\n\n\n\n<p>\u201eAbstiegskampf\u201c von J\u00f6rg Menke-Peitzmeyer- ein Fu\u00dfballst\u00fcck (8)<\/p>\n\n\n\n<p>\u201eWir bombardieren Regensburg\u201c von Joseph Heller (12)<\/p>\n\n\n\n<p>\u201cGeheimnisse\n des Liebeslebens-sowie Ratschl\u00e4ge und Lehren\u201d Erotisches (2)<\/p>\n\n\n\n<p>\u201eFr\u00f6hliche <em>kriminelle<\/em> Weihnacht!\u201c Weihnachtslesung (2)<\/p>\n\n\n\n<p>&nbsp;\u201eDer englisch-spanische Seekrieg\u201c Texte zum Weltfriedenstag (1)<\/p>\n\n\n\n<p>\u201eIN\n TYRANNOS III\u201c Friedrich Schiller (4)<\/p>\n\n\n\n<p>\u201eEifersucht\u201c von Esther Vilar (3)<\/p>\n\n\n\n<p>\u201eGeliebter L\u00fcgner\u201c von Jerome Kilty (4)<\/p>\n\n\n\n<p>&#8222;Ein Augenblick ist mein gewesen&#8220;&nbsp; von Anne Habeck-Adameck \u2013 ein Tschechowabend\n (3)<\/p>\n\n\n\n<p>Russische M\u00e4rchen, Lyrik und Prosa (4)<\/p>\n\n\n\n<p>&#8222;Was tun wir hier&#8220; Texte und Briefe zum 1. Weltkrieg (4)<\/p>\n\n\n\n<p><strong>Aktuelles Repertoire:<\/strong><\/p>\n\n\n\n<p>\u201eWeit weg\u2026 die Insel hinter der Insel\u201c Irlandabend\n (5)<\/p>\n\n\n\n<p>\u201eThen let us toast with an Single Malt\u201c&nbsp; Schottlandabend (5)<\/p>\n\n\n\n<p>\u201eEs war einmal in Amerika\u2026\u201c amerikanischer Whiskyabend (5)<\/p>\n\n\n\n<p>\u201eDie Weinlese\u201c Weinlesung mit Verkostung (4)<\/p>\n\n\n\n<p>&nbsp;\u201eMonsieur,\n wir sehen uns wieder\u201c Christa Wolf und Franz F\u00fchmann (4)<\/p>\n\n\n\n<p>&#8222;Sei gegr\u00fc\u00dft und lebe!&#8220; Christa Wolf und Brigitte Reimann (2)<\/p>\n\n\n\n<p>&#8222;Erich K\u00e4stners Weinachtsgeschichten&#8220; (2)<\/p>\n\n\n\n<p>&#8222;Hilde Kramer&#8220; (2)<\/p>\n\n\n\n<p>&#8222;Alexandra Kollontai&#8220;\n (2)<\/p>\n\n\n\n<p>&#8222;K\u00e4te und Herrmann Duncker&#8220; (2)<\/p>\n\n\n\n<p>&#8222;Und keine M\u00f6we fliegt allein&#8230;&#8220; Meer Abend (2)<\/p>\n","protected":false},"excerpt":{"rendered":"<p>Abende der LeseGuerilla seit der Gr\u00fcndung 2006: \u201eAbstiegskampf\u201c von J\u00f6rg Menke-Peitzmeyer- ein Fu\u00dfballst\u00fcck (8) \u201eWir bombardieren Regensburg\u201c von Joseph Heller (12) \u201cGeheimnisse des Liebeslebens-sowie Ratschl\u00e4ge und Lehren\u201d Erotisches (2) \u201eFr\u00f6hliche kriminelle Weihnacht!\u201c Weihnachtslesung (2) &nbsp;\u201eDer englisch-spanische Seekrieg\u201c Texte zum Weltfriedenstag (1) \u201eIN TYRANNOS III\u201c Friedrich Schiller (4) \u201eEifersucht\u201c von Esther Vilar (3) \u201eGeliebter L\u00fcgner\u201c von &hellip; <a href=\"https:\/\/leseguerilla.de\/?page_id=113\" class=\"more-link\"><span class=\"screen-reader-text\">\u201eProjekte\u201c <\/span>weiterlesen<\/a><\/p>\n","protected":false},"author":1,"featured_media":0,"parent":0,"menu_order":0,"comment_status":"closed","ping_status":"closed","template":"","meta":{"footnotes":""},"class_list":["post-113","page","type-page","status-publish","hentry"],"_links":{"self":[{"href":"https:\/\/leseguerilla.de\/index.php?rest_route=\/wp\/v2\/pages\/113","targetHints":{"allow":["GET"]}}],"collection":[{"href":"https:\/\/leseguerilla.de\/index.php?rest_route=\/wp\/v2\/pages"}],"about":[{"href":"https:\/\/leseguerilla.de\/index.php?rest_route=\/wp\/v2\/types\/page"}],"author":[{"embeddable":true,"href":"https:\/\/leseguerilla.de\/index.php?rest_route=\/wp\/v2\/users\/1"}],"replies":[{"embeddable":true,"href":"https:\/\/leseguerilla.de\/index.php?rest_route=%2Fwp%2Fv2%2Fcomments&post=113"}],"version-history":[{"count":1,"href":"https:\/\/leseguerilla.de\/index.php?rest_route=\/wp\/v2\/pages\/113\/revisions"}],"predecessor-version":[{"id":114,"href":"https:\/\/leseguerilla.de\/index.php?rest_route=\/wp\/v2\/pages\/113\/revisions\/114"}],"wp:attachment":[{"href":"https:\/\/leseguerilla.de\/index.php?rest_route=%2Fwp%2Fv2%2Fmedia&parent=113"}],"curies":[{"name":"wp","href":"https:\/\/api.w.org\/{rel}","templated":true}]}}