{"id":4,"date":"2020-01-28T19:51:45","date_gmt":"2020-01-28T19:51:45","guid":{"rendered":"http:\/\/leseguerilla.de\/?page_id=4"},"modified":"2020-02-04T10:30:27","modified_gmt":"2020-02-04T10:30:27","slug":"die-leseguerilla-ueber-uns","status":"publish","type":"page","link":"https:\/\/leseguerilla.de\/","title":{"rendered":"Die LeseGuerilla &#8211; \u00dcber uns"},"content":{"rendered":"\n<figure class=\"wp-block-image size-full\"><img loading=\"lazy\" decoding=\"async\" width=\"565\" height=\"183\" src=\"http:\/\/leseguerilla.de\/wp-content\/uploads\/2020\/02\/i282600889625652815._szw565h2600_.jpg\" alt=\"\" class=\"wp-image-19\" srcset=\"https:\/\/leseguerilla.de\/wp-content\/uploads\/2020\/02\/i282600889625652815._szw565h2600_.jpg 565w, https:\/\/leseguerilla.de\/wp-content\/uploads\/2020\/02\/i282600889625652815._szw565h2600_-300x97.jpg 300w\" sizes=\"auto, (max-width: 565px) 85vw, 565px\" \/><figcaption>Gr\u00fcndungsmitglieder der Leseguerilla: Hans &#8211; J\u00fcrgen Pabst, Rike Eckermann und Ulrich Herrmann<\/figcaption><\/figure>\n\n\n\n<hr class=\"wp-block-separator\"\/>\n\n\n\n<p>Gegr\u00fcndet wurde Die LeseGuerilla 2006 von den Schauspielern In\u00e9s Burdow (nicht mehr dabei),  Rike Eckermann, Hans-J\u00fcrgen Pabst ( im Mai 2018 verstorben). St\u00e4ndiger musikalischer Begleiter ist Ulrich Herrmann mit seiner Gitarre. Neu in der LeseGuerilla und herzlich willkommen ist Nina Klinger.<\/p>\n\n\n\n<p>Gelesen wurden und werden bekannte Autoren, wie Friedrich Schiller, Christa Wolf, Franz F\u00fchmann, Brigitte Reimann, K\u00e4the Miethe, Erich K\u00e4stner, K\u00e4te und Herrmann Duncker, Hilde Kramer, Alexandra Kollontai &#8211; die Geschichte ihres Lebens, ihre St\u00fccke, Gedichte und Erz\u00e4hlungen. Aber auch themenbezogene Abende wie die schottische Lesung \u201eThen let us toast with a Single Malt\u2026\u201c eine literarisch- musikalische Reise mit  Whisky und LIVEMUSIK von der Band \u201eShip in full Sail\u201c, die auch den irischen Abend \u201eWeit weg\u2026 Die Insel hinter der Insel\u201c begleitet, geh\u00f6ren zum festen Repertoire. An diesen Abenden gibt es Literatur von Burns, Yeats, Shaw und Wilde, geschichtliches, humorvolles und beim Whisk(e)y verkosten alles \u00fcber dessen Herstellung. Neu im Repertoire sind: &#8222;Die WeinLese&#8220;, wo neben Liedern  unseres Gastes Peter Hiller, der den Abend mit Ulrich Herrmann musikalisch begleitet und viel Literatur von Goethe \u00fcber Rilke bis M\u00fchsam und Michalkov, Wein verkostet wird. Neu ist auch der &#8222;Amerikanische WhiskeyAbend -Es war einmal in Amerika&#8220;, mit Texten amerikanischer Dichter\/innen, Livemusik und Whiskey.<\/p>\n\n\n\n<p>Die LeseGuerilla erschlie\u00dft sich beim Erarbeiten ihrer Abende immer wieder neue Autoren und Werke, die sie freudig und auch besinnlich mit den G\u00e4sten teilt. Unterwegs war und ist die LeseGuerilla mit ihren Programmen in Ahrenshoop, Wustrow, Zingst, Greifswald, Potsdam, Schwedt, Stendal, Tangerm\u00fcnde, im &#8222;Theater am Rand&#8220; in Zollbr\u00fccke, in Zehdenick, Woltersdorf, in Berlin (unter anderem an der Volksb\u00fchne), im WhiskyMarket Berlin, in Hohensch\u00f6nhausen im &#8222;Humboldt-Forum&#8220; und im B\u00fcrgerpark Pankow\/ Rosengarten. Neben Engagements an etablierten Leseorten, \u00fcberf\u00e4llt die \u201eLeseguerilla\u201c sehr erfolgreich Bibliotheken, Kneipen und andere Orte mit Literatur, frei nach dem Motto: \u201eWenn der Prophet nicht zum Berg kommt, kommt der Berg zum Prophet(!).\u201c<\/p>\n\n\n\n<p>Zum festen Team kommen immer wieder G\u00e4ste zu Geh\u00f6r, wie zum Beispiel:<\/p>\n\n\n\n<p>Claudia Maria Franck, Carsten Wilhelm, Peter Hiller, Marlies Ludwig, Florian Ludwig,  bei den Lesenden und Miriam Bohse, Stuart McLean, Steffen Zeller,  Manfred Gruber bei den Musikern.<\/p>\n\n\n\n<p><\/p>\n","protected":false},"excerpt":{"rendered":"<p>Gegr\u00fcndet wurde Die LeseGuerilla 2006 von den Schauspielern In\u00e9s Burdow (nicht mehr dabei), Rike Eckermann, Hans-J\u00fcrgen Pabst ( im Mai 2018 verstorben). St\u00e4ndiger musikalischer Begleiter ist Ulrich Herrmann mit seiner Gitarre. Neu in der LeseGuerilla und herzlich willkommen ist Nina Klinger. Gelesen wurden und werden bekannte Autoren, wie Friedrich Schiller, Christa Wolf, Franz F\u00fchmann, Brigitte &hellip; <a href=\"https:\/\/leseguerilla.de\/\" class=\"more-link\"><span class=\"screen-reader-text\">\u201eDie LeseGuerilla &#8211; \u00dcber uns\u201c <\/span>weiterlesen<\/a><\/p>\n","protected":false},"author":1,"featured_media":0,"parent":0,"menu_order":0,"comment_status":"closed","ping_status":"closed","template":"","meta":{"footnotes":""},"class_list":["post-4","page","type-page","status-publish","hentry"],"_links":{"self":[{"href":"https:\/\/leseguerilla.de\/index.php?rest_route=\/wp\/v2\/pages\/4","targetHints":{"allow":["GET"]}}],"collection":[{"href":"https:\/\/leseguerilla.de\/index.php?rest_route=\/wp\/v2\/pages"}],"about":[{"href":"https:\/\/leseguerilla.de\/index.php?rest_route=\/wp\/v2\/types\/page"}],"author":[{"embeddable":true,"href":"https:\/\/leseguerilla.de\/index.php?rest_route=\/wp\/v2\/users\/1"}],"replies":[{"embeddable":true,"href":"https:\/\/leseguerilla.de\/index.php?rest_route=%2Fwp%2Fv2%2Fcomments&post=4"}],"version-history":[{"count":4,"href":"https:\/\/leseguerilla.de\/index.php?rest_route=\/wp\/v2\/pages\/4\/revisions"}],"predecessor-version":[{"id":21,"href":"https:\/\/leseguerilla.de\/index.php?rest_route=\/wp\/v2\/pages\/4\/revisions\/21"}],"wp:attachment":[{"href":"https:\/\/leseguerilla.de\/index.php?rest_route=%2Fwp%2Fv2%2Fmedia&parent=4"}],"curies":[{"name":"wp","href":"https:\/\/api.w.org\/{rel}","templated":true}]}}